+ 0 + 0*y + y**2 + 4/3*y**3 - 1/120*y**6. Is g(7) prime?
False
Let v(n) = -n**2 + 3*n. Let b be v(3). Suppose 5*u - 2*c + 0*c - 1059 = b, -4*c - 641 = -3*u. Is u prime?
True
Let h = -55 - -134. Is h a prime number?
True
Let o = 1033 - 402. Is o composite?
False
Let r(a) = 0*a - 4 + a - 3. Let x be r(6). Is x/(-2 + 82/42) a prime number?
False
Let a(i) = -152*i**3 - i**2 + 4*i + 3. Is a(-2) prime?
False
Let g(m) = 8*m**2 - 13*m + 4. Is g(-3) a prime number?
False
Suppose 37*a = 33*a + 2948. Is a composite?
True
Let s be (-1 - 0) + 0 - -1. Suppose -2*o + 110 = -s*o. Is o prime?
False
Is 24 + -4 - 2/2 composite?
False
Suppose 2*u = 4*u + 2*z + 24, -31 = 3*u + 2*z. Suppose 5*f - 108 = -0*r - r, -5*f + r + 102 = 0. Is 2/u - (-783)/f prime?
True
Suppose 3*u - 353 = 5*u - 3*g, -u - 3*g = 172. Let r = u + 266. Is r a prime number?
False
Suppose 2*a = -a + 9. Suppose 2*w = -i + 5, -5*w + a*i = -49 + 9. Suppose w + 8 = l. Is l composite?
False
Let z = 5740 + -3963. Is z a prime number?
True
Let v(a) = a**3 + 12*a**2 + a + 2. Let s be v(-6). Suppose 0*x = 4*x - s. Is x prime?
True
Let q = 3 + -1. Is 3/(q + (-42)/22) a prime number?
False
Let x = 524 - 285. Is x a prime number?
True
Is (5 - 3)*(-2078)/(-4) prime?
True
Is -53*1*(-4 - -3) a prime number?
True
Let h(v) = v**3 - 11*v**2 + 9*v - 10. Let l(n) = n**3 - 12*n**2 + 8*n - 10. Let r(b) = -3*h(b) + 2*l(b). Is r(7) composite?
False
Suppose -3*n = -0*n. Suppose -5*g + 15 = -n. Suppose -g*f = -4*t - 0*t + 587, -f - 291 = -2*t. Is t a prime number?
False
Let z = -308 - -476. Suppose 211 + 234 = -5*q. Let v = z + q. Is v a composite number?
False
Let l = 100 - 316. Let b = l + 523. Is b a composite number?
False
Suppose 4*m + 372 - 3920 = 0. Is m prime?
True
Suppose l = -0*l + 5*o + 424, 3*l - 4*o = 1239. Is l prime?
True
Suppose 0 = 2*b - 5 + 1. Suppose 4 = -w, -w = -0*g - 2*g + 24. Suppose -g = c - b*c. Is c composite?
True
Let r(b) = -b**2 - b + 1. Let l be r(1). Is (106*l)/(-6 + 5) a composite number?
True
Suppose -2*j - 2*j + 8 = 0. Suppose -m - a - j = -2*m, 4*m - 2*a = 0. Is ((-110)/4)/(1/m) a prime number?
False
Suppose -3*h + 23 = 5. Suppose -2*w = -h*w + 8. Suppose w*m + 5*f - f - 86 = 0, -5*f = -5*m + 260. Is m a prime number?
False
Suppose 0 = 3*b + 874 - 2365. Is b a prime number?
False
Let v = -3860 - -5499. Is v a prime number?
False
Let u(s) = -s + 8. Let r be u(5). Suppose 106 = r*g - 755. Is g prime?
False
Let p(c) = -2*c + 5. Let i be p(5). Is (-22)/(-6)*(i - -38) a composite number?
True
Let p(h) be the second derivative of -h**3/6 + 4*h**2 + h. Let t be p(6). Suppose -3*k = 5*n - 179, k + t*n - 57 = 4. Is k prime?
True
Suppose 176 = s - 57. Is s composite?
False
Let y = 1 - 2. Is -1 + (y - -2 - -111) prime?
False
Let g = -10 + 105. Is g composite?
True
Suppose 2*r + 3*l - 1984 = l, -2*r + 1977 = -5*l. Is r composite?
False
Let o(x) = -x**3 + 8*x**2 + 4. Let u be o(8). Suppose -u*a + 7*a = 15. Suppose a*g = 8 + 2. Is g prime?
True
Suppose 3*u = 5*j + 31, 2*u = -0*u - 4*j - 16. Suppose u = q - 5*h - 0*h, 0 = h. Is 1/(q/90*3) a composite number?
True
Let i = 0 + 1. Let b be -2*(-3 + i/1). Suppose 2*z + 205 = b*a - z, -180 = -3*a - 3*z. Is a a prime number?
False
Let n = 34 + -21. Let u(a) = -a**3 + 12*a**2 + 19*a - 7. Is u(n) composite?
False
Suppose 0*v - 3*v = 12. Is -1 + 161 + 5 + v prime?
False
Let t = -5 - -9. Suppose t*u + 6 = u. Is (u/(-3))/(2/21) composite?
False
Suppose 4*d - 4 = 0, 5*w - 4*d - 161 = 35. Suppose -r + w + 55 = 0. Is r a composite number?
True
Suppose -3*v + 51 = 3*o, 0 = 5*v + 3*o + 2 - 79. Is v prime?
True
Let x = 7 + -5. Suppose 0 = 3*l + 4*s - 279, -7*s + 179 = 2*l - x*s. Is l prime?
True
Let a(h) = -5*h**3 - 3*h**2 + 5*h + 1. Let p(b) = b. Let u be p(-4). Is a(u) a composite number?
True
Let w(c) = 50*c**2 - 7*c - 1. Is w(-6) composite?
True
Let w be (8 - 1)*156/(-7). Let q = -109 - w. Is q a prime number?
True
Let g(d) = -46*d**3 - d**2. Let j be g(1). Let k = j - -70. Is k prime?
True
Let g(w) = -w**2 + w. Let k be g(4). Is 2/(-3) + (-1076)/k a composite number?
False
Let j(v) = 9*v**2 + 5*v + 3. Is j(-4) a prime number?
True
Suppose 72 = 3*x - 0*x. Suppose 0 = -g + 5*h - x, -5*h = 4*g - 0*g - 29. Is (-2)/(-1 - g) - -34 a prime number?
False
Let h(q) = q**3 + 6*q**2 + 3*q + 5. Let z(i) = i + 4. Let y be z(-8). Is h(y) a composite number?
True
Let l(w) = -w**2 - w. Let j be l(-1). Suppose j = d - 2*g - 26 - 123, -4*g = 0. Is d composite?
False
Suppose 3*j - 5754 = -2208. Suppose 0 = -3*c - 3*r + j, -c - r = c - 793. Suppose 0*t = -3*t + c. Is t a prime number?
False
Suppose -2*c - 5*a - 1 = 0, 4*a - 28 = 5*c - 9. Let t(p) = p + 4. Let l be t(c). Is 1 + 5 + 0/l composite?
True
Is (1*1/3)/(1/4197) a composite number?
False
Let f(h) = 253*h**2 - 3. Is f(-2) composite?
False
Let f(q) = 8*q**3 - 2*q + 5. Let b be f(4). Suppose -b - 546 = -5*p. Is p a prime number?
True
Let w(q) = -q**2 - 6*q - 3. Let s = -3 + -1. Let f be w(s). Suppose -4*p = -f*k - 150, -k + 6*k - 95 = -3*p. Is p a composite number?
True
Is 1/(-4 - 1791/(-447)) a prime number?
True
Let b = 53 - 153. Let a = b + 323. Is a a prime number?
True
Let l = 148 - -82. Suppose -5*y + l = -0*y. Is y prime?
False
Let v = -271 + 458. Is v a prime number?
False
Let p(c) = -c. Let o(n) = -48*n - 1. Let y(m) = -o(m) + 6*p(m). Is y(2) prime?
False
Let h = 60 - 38. Let v be -10*((-18)/10 - -1). Suppose n = h - v. Is n a prime number?
False
Suppose 4 + 2 = -2*v. Let m(d) be the third derivative of -19*d**4/12 + d**3/6 - 4*d**2. Is m(v) prime?
False
Suppose 0 = 3*p + 11 + 1. Is (p/(-6))/(4/714) a prime number?
False
Suppose 2*l - 6 = 3*o, 0*l + l - 4 = 2*o. Let y = -2 + l. Is (-2)/(6/(-177)) + y a composite number?
True
Is 2 + (-1 + -2216)/(1/(-1)) prime?
False
Let q = 5 + -46. Let f = -42 + 22. Let g = f - q. Is g a composite number?
True
Suppose -139 = -5*x + 156. Is x a prime number?
True
Let d(y) = 78*y**2 + 1. Let c be d(-1). Let q be (-4)/(-12) + c/(-3). Let b = q - -95. Is b a composite number?
True
Suppose 0 = -3*x - 0*r + 4*r + 26, -5*x + 4*r = -30. Suppose -q + x = 0, -q + 8 = -3*t + 4*t. Let s = 71 - t. Is s prime?
False
Let c be (30/2)/((-6)/(-4)). Suppose l - 9 = c. Is l a composite number?
False
Let j be 48/(-9) + 4/(-6). Let k be (-9)/6*20/j. Suppose -k*n - 121 = -q, 0 = -3*q - 4*n - n + 443. Is q composite?
True
Let p = -4 - -8. Suppose 8 = z - 2*d, -4*d + 5*d = -p. Is 11 - 2 - z - 2 prime?
True
Let l(q) = q**3 + q**2 - q + 587. Is l(0) a composite number?
False
Let z = -8 - -4. Suppose -4*n + 14 = q - 0*q, n + 1 = 2*q. Is (37/q)/((-2)/z) prime?
True
Suppose 61 - 15 = u. Let d = 7 + u. Is d prime?
True
Let p = 97 + -175. Let r = p - -191. Is r prime?
True
Let z(w) = -5*w**2 + 5*w - 3. Let j be z(-4). Let l = j - -325. Suppose r = 5*a - 263, 0 = -4*a - 0*r - 5*r + l. Is a a prime number?
True
Let r = -9 + 17. Let k = -6 + r. Suppose 8 = k*y + i + 4*i, 3*i = -4*y + 30. Is y a composite number?
True
Suppose z - 2 = h, 4*z = -2*h - 2*h + 32. Suppose 139 = w + 3*a, -a - 2*a - 393 = -h*w. Is w a composite number?
True
Let g = 11 + -8. Suppose -3*s = -0*s + g. Is -74*s/(-2)*-1 prime?
True
Let k(q) = -q + 6. Let x be k(8). Let c be 2 + x + 7 + -2. Suppose 0 = c*f - 313 - 82. Is f a composite number?
False
Is (10/(-3) - -3)*-291 prime?
True
Suppose -2*t = 3*o - 11, -27 = -5*o + 2*t + 2. Suppose 4*v - 4*j = 1480, 5*v - 303 = -o*j + 1557. Is v a prime number?
False
Suppose -g + 49 = -v + 215, 516 = 3*v + 3*g. Suppose f - 4*d - v = 0, -f = -3*f - 4*d + 374. Is f prime?
True
Let u = -8 - -10. Suppose -37 = u*x - 3*x. Is x composite?
False
Let u be (-18)/(-14) - (-2)/(-7). Let x be (u + 54)*1/1. Suppose 3*w - 5*p - 165 = 0, 3*p = -w - 0*w + x. Is w prime?
False
Let u = 57 - -12. Let y = u + -4. Is y prime?
False
Let u be -2 - (2 + (-3 - -1)). Let a(g) = g + 4. Let q be a(-6). Is 22 - (u - (-3 + q)) composite?
False
Suppose o - 4*p - 4 = 0, -2*o + 37 = 3*o - 3*p. Is (1645/(-10))/((-4)/o) prime?
False
Suppose 3 = 3*g - 6. Suppose -w + g*w - 74 = 0. Is w a prime number?
True
Let q = -24 + 43. Is q composite?
False
Suppose 3*g = 2*d + 432, 4*d + g = -d - 1097. Let z = -104 - d. Is z a composite number?
True
Let b(z) = z - 5. Let r be b(4). Let s be 1 - (0 + r)*2. Suppose 2*g - 95 = -5*x - s*g, 5*x + 4*g - 91 = 0